 = -p. Suppose -5*c = l - 15 - u, -3*l = c - 74. Calculate the greatest common divisor of 10 and l.
5
Suppose -56 = -a - 4*t, -a - 3*t - 2*t = -61. Let i be 42/(-9)*(-108)/14. Suppose -i = 3*v - 6*v. Calculate the highest common divisor of v and a.
12
Let h be (-1)/(-4) - -4*1/(-16). Suppose h = -2*k + 95 + 257. Calculate the greatest common factor of 16 and k.
16
Let n = 71 + 64. Calculate the highest common divisor of n and 15.
15
Suppose 27 = 3*r + 15. Suppose -3*v + 7*v - 80 = -5*n, -2*v + 66 = -r*n. Calculate the highest common factor of 5 and v.
5
Let d(v) = v**2 + 11. Let i be d(0). Suppose s - 3*c - 20 = -s, 0 = -s + 2*c + i. Calculate the highest common divisor of 1 and s.
1
Suppose -5*v + 132 = -v. Let t = -208 + 211. What is the greatest common divisor of v and t?
3
Suppose 3*q + 17 = -16. Let n = -19 + 32. Let m = n + q. Calculate the highest common divisor of 18 and m.
2
Let x = 22 + -22. Suppose x = -z + 20. Suppose 3*l - 165 = -3*k, 5*l + 250 = 4*k + 3*l. What is the greatest common factor of k and z?
20
Suppose 987 = 79*y - 435. Let r(c) = 4*c - 3. Let o be r(3). Calculate the highest common divisor of y and o.
9
Let a(u) = -2*u - u + 1 + 0*u. Let p be (-1)/(-2)*(-70)/35. Let s be a(p). Calculate the highest common divisor of 8 and s.
4
Let q(f) be the third derivative of f**4/8 + 7*f**3/6 + 11*f**2. Let y be q(3). What is the highest common divisor of 16 and y?
16
Let p(r) = -r**2 - 31*r - 45. Let d be p(-11). Calculate the highest common divisor of 14 and d.
7
Suppose -2*s + a + 263 = 0, 2*s - 136 = s - 4*a. Let i(o) = 3*o**3 - 3*o**2 + 2*o - 4. Let d be i(2). Calculate the highest common divisor of d and s.
12
Let f(m) = 2*m**2 - 23*m - 7. Let o be f(12). What is the highest common factor of o and 1?
1
Let f be 2*((-4 - -6) + 0). Suppose -64 - 96 = -4*c + f*h, c = -3*h + 24. What is the highest common divisor of c and 24?
12
Let i(v) = -5 - 2*v + 37 - 4. Let z be i(-12). Calculate the highest common factor of z and 78.
26
Suppose 3*l = 43 + 98. Let k(p) = 35*p - 128. Let x be k(5). What is the greatest common factor of l and x?
47
Let x = -5 - 3. Let w be (1796/x)/(-1)*2. Suppose q - 106 = -3*r, -5 = 4*q + 2*r - w. What is the highest common factor of q and 14?
14
Let a = 218 - 206. Let v(k) = k**3 + 4*k**2 - 3*k - 4. Let l be v(-4). What is the highest common factor of a and l?
4
Suppose t + 14560 = 5*s - 3037, 0 = -4*s + 2*t + 14074. Calculate the highest common factor of 55 and s.
55
Suppose -145*x + 633 = -89*x - 823. Suppose 4*g - t - 68 = 3*t, 3*g - 43 = t. Calculate the highest common divisor of g and x.
13
Let v = 1 + 7. Suppose 0*y = -3*g - 4*y + 6, 4*y + v = 4*g. Let m(q) = q. Let f be m(g). Calculate the highest common factor of f and 6.
2
Let d = -36 - -67. Let s = d - 28. Calculate the greatest common divisor of 33 and s.
3
Suppose 377*g + 6 = 379*g. Suppose 4*l - 102 = 2*y, -3*l = -2*l + 5*y - 9. Calculate the highest common factor of g and l.
3
Let m = 13 - 12. Let a(d) = 4*d**3 + d**2 - d + 1. Let b be a(m). Suppose b*l - 104 = l. Calculate the highest common factor of l and 13.
13
Suppose -4*i + 7*s + 1264 = 11*s, i = 3*s + 332. Calculate the greatest common factor of 96 and i.
32
Let i = 16 + -14. Let a be i + -52 + 9/(-3). Let p = 24 - a. What is the greatest common divisor of 11 and p?
11
Let n be ((-12)/15)/(3 - 724/240). What is the highest common divisor of 156 and n?
12
Let z(h) = 4*h - 12. Let d be z(4). Suppose m + d = 15. What is the highest common divisor of 88 and m?
11
Let b(s) = 16*s - 92. Let o be b(6). What is the highest common factor of o and 320?
4
Suppose 1108 = 4*y + 5*w, -5*y - 2*w + 556 = -3*y. Let v = y + -128. What is the greatest common factor of v and 14?
14
Let z be (1 - 4)/(15/(-80)). Let f(r) = r**3 - 17*r**2 + 21*r + 2. Let n be f(z). Let t = n + -38. Calculate the greatest common factor of t and 11.
11
Suppose -5*g + 30 = -5*i, -24 - 36 = -4*g - 5*i. Let h(f) = -f**3 + 110. Let s be h(0). Calculate the highest common divisor of g and s.
10
Suppose w = 4*y + 180, -4*w + 3*y - 96 = -777. Calculate the greatest common divisor of w and 16.
8
Let b = 350 - 224. Let t = 696 - 678. What is the highest common factor of t and b?
18
Let u be 1/((-7)/(-1743)) + 8/(-2). What is the highest common divisor of u and 5?
5
Let y = 300 - 237. What is the highest common factor of y and 42?
21
Suppose 5*f = -4*q + 752, 2*f - 180 - 119 = -q. Let o = f + -83. Let x = 133 - o. What is the greatest common divisor of x and 17?
17
Suppose 0 = -5*x - 3 + 18. Let m(y) = y**3 - 3*y + 2. Let u be m(x). Let i = -11 + 16. What is the highest common divisor of u and i?
5
Let n = 962 - 886. What is the highest common divisor of n and 171?
19
Let m = -753 - -759. Calculate the greatest common divisor of 216 and m.
6
Let l = -132 - -172. What is the greatest common divisor of 30 and l?
10
Let c = -766 - -771. Let v = 25 + -15. Calculate the greatest common divisor of v and c.
5
Let s be ((-6)/(-9) - 1)*(-465)/5. Calculate the greatest common divisor of 217 and s.
31
Suppose 0 = 2*m + 8, -6*s - 3*m + 308 = -s. What is the greatest common divisor of 88 and s?
8
Let k(g) = -g - 35. Let o be k(-9). Let f(t) = t**3 + 25*t**2 - 25*t + 61. Let v be f(o). What is the greatest common divisor of 5 and v?
5
Let f = -174 + 292. Let b = 134 - f. What is the greatest common divisor of b and 8?
8
Let n = -133 - -140. Let y be ((-1)/2)/(1/(-248)). Let o = y + -89. What is the highest common factor of n and o?
7
Suppose 8*c - 10*c + 4 = 0. Suppose -c*k + 1 = -13. Calculate the greatest common factor of k and 35.
7
Suppose 0 = -2*r + 3*k + 4 + 3, r - 2*k = 4. Let t(b) = -b**r - 15*b - 55 - 50 + 91. Let v be t(-12). Calculate the greatest common factor of v and 2.
2
Let n be 1*(0 + -2 + 13). Let r(v) = 3*v - 47. Let j be r(19). Let f be 772/j + (-2)/10. Calculate the highest common factor of n and f.
11
Suppose 0 = -2*q - 5*w - 0*w - 11, -2*q + 16 = -4*w. Suppose 64 = q*d - 442. What is the greatest common factor of 23 and d?
23
Let f = 0 + 0. Suppose 349 = 2*y + 3*x, -5*y - x + f*x = -879. What is the greatest common divisor of 22 and y?
22
Suppose 7*z - 79 = -44. Calculate the highest common divisor of 7 and z.
1
Let d = -291 + 496. Let r be (d/65 - 3) + (-1500)/(-52). What is the greatest common factor of 174 and r?
29
Suppose 3*w - 10 = 5*u, 2*w + 5*u - 13 = 2*u. Let g be 41 - (5/w)/1. What is the greatest common divisor of g and 20?
20
Let o(y) = -3*y. Let x be o(-3). Let h(c) = 2*c**3 - 2*c**2 - 4*c + 5. Let i be h(2). Suppose -3*q - 12 = -i*q. What is the highest common factor of q and x?
3
Let q = 2575 - 2531. What is the highest common factor of 11 and q?
11
Suppose -4*k = 233 + 183. Let n = 265 + k. What is the highest common factor of n and 23?
23
Let f(h) = 23*h**2 + 44*h - 43. Let x be f(1). Calculate the highest common factor of 3 and x.
3
Suppose 3*i + 2*n - 7 = 0, -18 = -5*i - n + 4*n. Suppose 4*o + o + 67 = 2*z, z = -2*o + 11. Calculate the highest common divisor of z and i.
3
Let j = 354 - 353. What is the highest common factor of 71 and j?
1
Suppose 4*i + 4*j - 90 = 2*j, -51 = -2*i + j. Calculate the greatest common factor of i and 120.
24
Suppose 0*y = -3*h + y + 105, 3*y = 9. Suppose 0 = -165*f + 166*f - 90. What is the greatest common divisor of f and h?
18
Suppose -8*i = 80 - 152. What is the greatest common factor of i and 612?
9
Suppose 2*h + 240 = 6*h. Let g = -10 - 8. Let i be (g/(-21))/((-2)/(-28)). What is the highest common divisor of i and h?
12
Let t = 226 + -200. Calculate the greatest common divisor of 143 and t.
13
Let w be -4*1/((-5)/85). Suppose -5*j + 2 + w = 0. What is the highest common factor of j and 28?
14
Let b = -645 + 1243. Calculate the highest common factor of b and 23.
23
Let b(f) = 17*f - 86. Let h be b(7). What is the highest common factor of h and 77?
11
Let v be ((-12)/8 + 5)*192. Calculate the greatest common divisor of 21 and v.
21
Suppose -3*j = 4*f - 134, 5*f - 15*j - 177 = -14*j. Calculate the highest common factor of f and 175.
35
Suppose 8*n - 22 = -3*n. Let j be ((-765)/(-25) + -5)*5*n. Calculate the greatest common factor of 32 and j.
32
Let n be (30/(-18) - -2)*93. Calculate the highest common divisor of 248 and n.
31
Suppose 0 = d + 36. Let h be ((-21)/(-9))/((-2